by 62/4*(0 + 2)?
10
Let m(i) = 46*i**2 + 360*i - 11. Calculate the remainder when m(-12) is divided by 28.
25
Let m(v) = 352*v + 1769. What is the remainder when 13066 is divided by m(-5)?
7
Let i = 147 + -79. Let u be 3 + 14/35 + i/5. Suppose 34 = -15*b + u*b. Calculate the remainder when 49 is divided by b.
15
Suppose 200 = 58*b - 53*b. Let q = -39 + b. What is the remainder when -41*q/3*-3 + -4 is divided by 21?
16
Let c = 39 - -24. Suppose f - 1332 = -3*w, -5284 = -4*f - 11*w + 10*w. What is the remainder when f is divided by c?
60
Suppose 1019*n + 207 = 513*n + 509*n. What is the remainder when 443 is divided by n?
29
Let p(y) = 1489*y - 2038. Calculate the remainder when p(2) is divided by 467.
6
Let g(l) = 27*l + 875. Calculate the remainder when g(-18) is divided by 76.
9
Let r be (-6)/4 + 6/(-12). Let l(x) = -2*x**3 - x**2 + 3*x + 3. Let w(y) = -2*y - 8. Calculate the remainder when l(r) is divided by w(-7).
3
Suppose -4*r - 44 = -6*r. Suppose 0 = -7*g + 22*g - 2250. Calculate the remainder when g is divided by r.
18
Let g = -14 - -35. What is the remainder when g is divided by ((-21)/9)/((15/24)/((-720)/192))?
7
Suppose m - 2*h - 609 = -404, -4*m = -3*h - 865. What is the remainder when 1327 is divided by m?
212
Let r(c) = c**3 + 15*c**2 + 32*c - 53. What is the remainder when 152 is divided by r(-9)?
7
Let k = 17 + 25. What is the remainder when k is divided by (-4)/30*6240/(-64)?
3
Let h(n) = 5*n**3 - 32*n**2 + 13*n + 29. Suppose -a + y + 30 = -6, 0 = 5*a - 2*y - 195. Calculate the remainder when a is divided by h(6).
6
Suppose w + 154*a = 157*a + 39, -2*a = w - 9. What is the remainder when 566 is divided by w?
20
Let c(f) = f**2 - 95*f + 2395. What is the remainder when c(42) is divided by 25?
19
Suppose -111*v - v = -10976. What is the remainder when v is divided by (-25)/(1 - 6/4)?
48
Let p(y) = -146*y - 5099. Calculate the remainder when 216 is divided by p(-35).
7
Suppose -3*v - 14 = -g - 0*g, -3*v - 4*g - 34 = 0. Calculate the remainder when -6*((-104)/26 + 92/v) is divided by 25.
16
Suppose 0 = 3*d + 2*d - 35. Let r(t) = 24*t - 51*t + 3 + 25*t + 8. What is the remainder when d is divided by r(4)?
1
Calculate the remainder when ((-1298)/55)/(1/(-20)) is divided by (-45)/(-15)*(-86)/(-6).
42
Let b = 3198 + -3189. Suppose -4*k - 5*h = -9, 0 = 2*k + 3*h - h - 4. Let i = k - -2. What is the remainder when b is divided by i?
0
Let m = -155 + 160. Let w = 174 + m. Suppose -22*u + 180 = -19*u. What is the remainder when w is divided by u?
59
Let o = 2947 + -1535. What is the remainder when o is divided by 43?
36
Let n(m) = 3*m**3 + m**2 + m + 2. Let y be n(3). Suppose -23 = 5*h + 2, 5*u = -3*h + y. Calculate the remainder when 173 is divided by u.
19
Let l be 3*6*(-2 + (-21)/(-9)). Suppose -l*v + 11*v - 10 = 0. What is the remainder when ((33*v)/2)/((-15)/(-20)) is divided by 15?
14
Suppose -1730 = 20*i + 3590. What is the remainder when 5928/i*(-7)/2 is divided by 40?
38
Let i(u) = 3*u**2 + 76*u + 6. Let f be i(-27). Suppose -k - 624 = -4*p, -2*k - f = -4*p + 487. What is the remainder when p is divided by 26?
25
Let f(o) = -o**2 - 2*o + 307. Let c = 297 + -297. What is the remainder when f(c) is divided by 62?
59
Suppose 2*y - 2*b + 148 = 0, -y - 32 = -2*b + 47. Let o = y - -127. Suppose 2*j - o = 74. Calculate the remainder when j is divided by 17.
15
Let l(r) = r**2 - 4. Let f be l(-6). Let h = 37 - f. What is the remainder when 3 is divided by h/(-15) + (-4)/(-3)?
0
Calculate the remainder when 11/(((814/(-1155))/37)/((-4)/6)) is divided by 9.
7
Let c(z) = -z**3 - 18*z**2 - 10*z - 15. Let x be c(-17). Let h = 146 + x. What is the remainder when 94 is divided by h?
10
Calculate the remainder when 116244/108 - ((-48)/(-9) - 4) is divided by 9.
4
Let p(s) = 9*s**2 - 2. Calculate the remainder when p(6) is divided by (500/375)/(3*4/585).
62
Let x = -7901 + 7920. Let r = -132 + 280. What is the remainder when r is divided by x?
15
Let n(t) = -t**2 + 6*t - 2. Let u(k) = -k + 6. Let g(s) = s - 47. Let z(d) = 3*g(d) + 6*u(d). Calculate the remainder when z(-39) is divided by n(5).
0
Suppose -5*l - 865 = 5*r, 3*r = -4*l - 376 - 147. Let j = -165 - r. Let t(o) = -6*o - 1. What is the remainder when t(-3) is divided by j?
1
Suppose 0 = 3*i + 2*i - 155. Suppose 6*k - 1731 + 1713 = 0. What is the remainder when (i - (-6 - -2)) + k is divided by 20?
18
Let x = -4 + 24. Let f(s) = -5*s**3 + s - 4. What is the remainder when f(-2) is divided by (90/50)/(6/x)?
4
Let v(a) = -7*a**3 + 2*a**2 - 4*a - 3. Let m be 6/12 + 15/(-10). What is the remainder when 55 is divided by v(m)?
5
Suppose 0 = -3*u + 7*u - 384. Let i = u - 11. Suppose -8*m + i = -3. Calculate the remainder when 13 is divided by m.
2
What is the remainder when 505 is divided by 96/40 - 30144/(-240)?
121
Let n = -35026 + 35050. What is the remainder when 25892 is divided by n?
20
Let j(z) = -z**3 + 30*z**2 + 17*z - 443. What is the remainder when 1772 is divided by j(30)?
30
Suppose 171*p + 4*t - 576 = 167*p, 3*p + 2*t = 432. What is the remainder when 549 is divided by p?
117
Let f be 12/((-40)/140 - (-5)/(-56)). Let u = f - -36. Suppose u*h - 8 = 0, -3*m - 341 = -8*m + 2*h. What is the remainder when m is divided by 8?
5
Let c = 209 - 517. Let k = -225 - c. What is the remainder when k is divided by 13?
5
Let v(m) = m**3 - m**2 - 90*m - 8. What is the remainder when v(-8) is divided by 16?
8
Let t = 40 - 40. Let j(w) = -4*w + 119. Let g be j(t). Let p = -46 + g. Calculate the remainder when p is divided by 21.
10
Calculate the remainder when (0 - 1) + 70/40 - 3455520/(-128) is divided by 40.
37
Let c be -6 - 6 - -6 - -6. Suppose c = w + a - 10 - 52, 4*a + 94 = 2*w. Calculate the remainder when w is divided by 15.
12
Let s be ((-748)/(-6))/(18/27). Let a = s + -172. What is the remainder when 88 is divided by a?
13
Let a(q) = 173*q + 2042. Calculate the remainder when a(-11) is divided by 24.
19
Suppose m + 1 - 9 = 5*u, 4 = -2*m. Calculate the remainder when (-36543)/(-221) + (-42)/119 is divided by 44 - -1*(u - 0).
39
Suppose y + 10*q - 16 = 13*q, -3*y + 4*q = -63. What is the remainder when 723 is divided by y?
23
Let h = 367 - 262. Suppose 19*t + 374 = 36*t. Calculate the remainder when h is divided by t.
17
Let w(s) = 124*s - 87. Let m(y) = y**2 + 7*y - 3. What is the remainder when w(2) is divided by m(-11)?
38
Let p = -69 - -98. Let u(m) = m**3 - 48*m**2 - 215*m + 651. Calculate the remainder when u(52) is divided by p.
26
Suppose -9*t + 1141 = 475. What is the remainder when 534 is divided by t?
16
Suppose 7*b + 28 = 14*b. Let n(u) = -u**3 + 6*u**2 + 5*u - 26. Suppose -6 - 1 = -h. Calculate the remainder when n(b) is divided by h.
5
Let d(w) = 2*w**3 - 20*w**2 + 5*w + 68. Calculate the remainder when d(10) is divided by 45.
28
Let i = -6649 + 6873. Calculate the remainder when i is divided by 23.
17
Let i = -1580 - -1754. What is the remainder when i is divided by 141?
33
Suppose 1075 + 507 = 7*h. Suppose 0 = 3*l + 5*t - h, 3*l - 218 = -2*t + t. What is the remainder when 15 is divided by (l/(-16))/((0 - 2)/4)?
6
Let z = 147 - 302. Let b = 214 + z. Calculate the remainder when 176 is divided by b.
58
Let z(n) = -n**3 + 9*n**2 + 57*n - 11. Calculate the remainder when 113 is divided by z(13).
5
Let v = -210 + 196. Let z(x) = -x**3 - 16*x**2 - 41*x + 3. What is the remainder when z(v) is divided by 38?
33
Suppose a + 1 = 0, 2*t + 0*a - 790 = -2*a. Suppose -i - 382 = -t. Calculate the remainder when 51 is divided by i.
9
Let y = -281 - -315. Let i(q) = 13*q**2 + 1. What is the remainder when y is divided by i(1)?
6
Suppose 5*t - 24 + 4 = 0. Suppose -20 = -t*r - 0*r, 23 = -p + 5*r. Suppose p*b - 64 = -10. Calculate the remainder when b is divided by 15.
12
Let b(r) = -37*r - 8. Suppose f - 33 = -2*o, -5*f + 137*o = 132*o - 270. Calculate the remainder when b(-9) is divided by f.
43
Let n = 3237 - 3139. What is the remainder when 213 is divided by n?
17
Suppose -54*i + 860 - 527 = -531. What is the remainder when 3147/18 + 8/48 is divided by i?
15
Let y(n) = -n**2 + 10*n - 2. Let q = 364 - 672. Let p = -272 - q. What is the remainder when p is divided by y(7)?
17
Suppose -4*f = -i - 414, 3*i - 49*f + 44*f = -1235. Let z = i - -427. Calculate the remainder when 184 is divided 